{"id":1030,"date":"2024-10-17T17:15:23","date_gmt":"2024-10-17T14:15:23","guid":{"rendered":"https:\/\/digitecttestdomain.com\/laperouse\/?page_id=1030"},"modified":"2024-10-17T17:28:13","modified_gmt":"2024-10-17T14:28:13","slug":"adresses","status":"publish","type":"page","link":"https:\/\/digitecttestdomain.com\/laperouse\/adresses\/","title":{"rendered":"Adresses"},"content":{"rendered":"\t\t<div data-elementor-type=\"wp-page\" data-elementor-id=\"1030\" class=\"elementor elementor-1030\" data-elementor-post-type=\"page\">\n\t\t\t\t<div class=\"elementor-element elementor-element-8ced39e e-flex e-con-boxed e-con e-parent\" data-id=\"8ced39e\" data-element_type=\"container\" data-e-type=\"container\" data-settings=\"{&quot;background_background&quot;:&quot;classic&quot;}\">\n\t\t\t\t\t<div class=\"e-con-inner\">\n\t\t\t\t<div class=\"elementor-element elementor-element-75a12ab elementor-widget__width-initial elementor-widget elementor-widget-heading\" data-id=\"75a12ab\" data-element_type=\"widget\" data-e-type=\"widget\" data-widget_type=\"heading.default\">\n\t\t\t\t<div class=\"elementor-widget-container\">\n\t\t\t\t\t<h1 class=\"elementor-heading-title elementor-size-default\">Adresses<\/h1>\t\t\t\t<\/div>\n\t\t\t\t<\/div>\n\t\t\t\t\t<\/div>\n\t\t\t\t<\/div>\n\t\t<div class=\"elementor-element elementor-element-366ef91 e-con-full e-flex e-con e-parent\" data-id=\"366ef91\" data-element_type=\"container\" data-e-type=\"container\" data-settings=\"{&quot;background_background&quot;:&quot;classic&quot;}\">\n\t\t\t\t<div class=\"elementor-element elementor-element-38e871e elementor-widget elementor-widget-heading\" data-id=\"38e871e\" data-element_type=\"widget\" data-e-type=\"widget\" data-widget_type=\"heading.default\">\n\t\t\t\t<div class=\"elementor-widget-container\">\n\t\t\t\t\t<h3 class=\"elementor-heading-title elementor-size-default\">Adresses<\/h3>\t\t\t\t<\/div>\n\t\t\t\t<\/div>\n\t\t\t\t<div class=\"elementor-element elementor-element-3501047 elementor-widget__width-initial elementor-widget elementor-widget-text-editor\" data-id=\"3501047\" data-element_type=\"widget\" data-e-type=\"widget\" data-widget_type=\"text-editor.default\">\n\t\t\t\t<div class=\"elementor-widget-container\">\n\t\t\t\t\t\t\t\t\t<p><strong>Paris Concorde &#8211; France<\/strong><\/p><p>A haven of refinement, Eiffel Tower view<\/p><p>Located on the prestigious Place de la Concorde, within the H\u00f4tel de la Marine, Caf\u00e9 Lap\u00e9rouse Concorde offers a breathtaking view of the Eiffel Tower from its Concorde terrace.<\/p><p>From breakfast to dinner,\u00a0a selection of refined gourmet French dishes are to be discovered, a la carte.<\/p><p>\u00a0<\/p><p><strong>PORT DE SAINT-TROPEZ &#8211; France<\/strong><\/p><p>Caf\u00e9 Lap\u00e9rouse has embarked on a new adventure, anchoring itself at the Port des P\u00eacheurs in St Tropez, marking its inaugural establishment outside of Paris.\u00a0<\/p><p>Experience a tranquil getaway at Caf\u00e9 Lap\u00e9rouse Saint Tropez, where you can bask in the rejuvenating sea breeze and indulge in the picturesque harbour\u2019s vista, immersing yourself in its one-of-a-kind ambiance.<\/p><p>Situated within the\u00a0harbor, the terrace of Caf\u00e9 Lap\u00e9rouse, which remains open throughout the year, has swiftly gained popularity among both the locals of St. Tropez and visitors seeking to relish in the finest view of the town&#8217;s enchanting sunset.<\/p><p>\u00a0<\/p><p><strong>LONDON AT THE OWO &#8211; United Kingdom<\/strong><\/p><p>THE &#8220;PAVILLON CAF\u00c9 LAP\u00c9ROUSE&#8221;<\/p><p>Located in\u00a0the courtyard of the Raffles Hotel, is open for both lunch and dinner. You can enjoy sunny days on the terrace with a relaxed, chill atmosphere at night.<\/p><p>The \u201cPavillon Caf\u00e9 Lap\u00e9rouse\u201d is child-friendly.<\/p><p>\u00a0<\/p><p>A MAGICAL CRUISE FROM PARIS TO LONDON<\/p><p>The Old War Office was once home to Legends. Today it has been transformed into a sophisticated hospitality destination for modern\u00a0tastemakers. Located in the heart of Whitehall, The OWO overlooks some of London\u2019s most majestic landmarks. This commanding building has been home to many well-known historical figures such as Sir Winston Churchill, Lord Haldane, Earl Kitchener and John Profumo, and was the inspiration behind Ian Fleming\u2019s elusive James Bond.\u00a0<\/p><p>Although it was once the stage of world-shaping events, it is now opening its doors offering an incredibly compelling opportunity to explore the city of London from an entirely fresh vantage point.<br \/>Caf\u00e9 Lap\u00e9rouse offers a haven of tranquility amidst the vibrant city of London.\u00a0Underneath the canopy of the\u00a0pavilion Occident, on it&#8217;s terrace, or inside the\u00a0Salon Orient\u00a0: Immerse yourself in the rich history and charm of French art de vivre, combined with the sophistication of the British capital.<\/p><p>\u00a0<\/p><p><strong>JEDDAH WALK<\/strong><\/p><p>Caf\u00e9 Lap\u00e9rouse has opened in jeddah, in the heart of jeddah Walk, the city&#8217;s most luxurious shopping complex.<\/p><p>A haven for aesthetes and elegant socialites alike, this quintessentially Parisian caf\u00e9 is now the gourmet, all-day address of choice throughout\u00a0the world!<\/p><p><strong>MIAMI BAL HARBOUR SHOPS &#8211; United States<\/strong><\/p><p>OPENING<br \/>SOON<\/p>\t\t\t\t\t\t\t\t<\/div>\n\t\t\t\t<\/div>\n\t\t\t\t<div class=\"elementor-element elementor-element-73fdbaf elementor-absolute elementor-hidden-laptop elementor-hidden-tablet elementor-hidden-mobile elementor-widget elementor-widget-image\" data-id=\"73fdbaf\" data-element_type=\"widget\" data-e-type=\"widget\" data-settings=\"{&quot;_position&quot;:&quot;absolute&quot;,&quot;motion_fx_motion_fx_scrolling&quot;:&quot;yes&quot;,&quot;motion_fx_translateX_effect&quot;:&quot;yes&quot;,&quot;motion_fx_translateX_speed&quot;:{&quot;unit&quot;:&quot;px&quot;,&quot;size&quot;:2,&quot;sizes&quot;:[]},&quot;motion_fx_translateX_affectedRange&quot;:{&quot;unit&quot;:&quot;%&quot;,&quot;size&quot;:&quot;&quot;,&quot;sizes&quot;:{&quot;start&quot;:0,&quot;end&quot;:90}},&quot;motion_fx_devices&quot;:[&quot;widescreen&quot;,&quot;desktop&quot;,&quot;laptop&quot;,&quot;tablet&quot;,&quot;mobile&quot;]}\" data-widget_type=\"image.default\">\n\t\t\t\t<div class=\"elementor-widget-container\">\n\t\t\t\t\t\t\t\t\t\t\t\t\t\t\t<img fetchpriority=\"high\" decoding=\"async\" width=\"1150\" height=\"837\" src=\"https:\/\/digitecttestdomain.com\/laperouse\/wp-content\/uploads\/2023\/12\/Pattern.webp\" class=\"attachment-full size-full wp-image-31\" alt=\"\" srcset=\"https:\/\/digitecttestdomain.com\/laperouse\/wp-content\/uploads\/2023\/12\/Pattern.webp 1150w, https:\/\/digitecttestdomain.com\/laperouse\/wp-content\/uploads\/2023\/12\/Pattern-300x218.webp 300w, https:\/\/digitecttestdomain.com\/laperouse\/wp-content\/uploads\/2023\/12\/Pattern-1024x745.webp 1024w, https:\/\/digitecttestdomain.com\/laperouse\/wp-content\/uploads\/2023\/12\/Pattern-768x559.webp 768w\" sizes=\"(max-width: 1150px) 100vw, 1150px\" \/>\t\t\t\t\t\t\t\t\t\t\t\t\t\t\t<\/div>\n\t\t\t\t<\/div>\n\t\t\t\t<\/div>\n\t\t<div class=\"elementor-element elementor-element-37ca7d3 elementor-hidden-widescreen elementor-hidden-desktop elementor-hidden-laptop elementor-hidden-tablet elementor-hidden-mobile e-flex e-con-boxed e-con e-parent\" data-id=\"37ca7d3\" data-element_type=\"container\" data-e-type=\"container\">\n\t\t\t\t\t<div class=\"e-con-inner\">\n\t\t\t\t<div class=\"elementor-element elementor-element-cbe346b elementor-widget elementor-widget-image\" data-id=\"cbe346b\" data-element_type=\"widget\" data-e-type=\"widget\" data-widget_type=\"image.default\">\n\t\t\t\t<div class=\"elementor-widget-container\">\n\t\t\t\t\t\t\t\t\t\t\t\t\t\t\t<img decoding=\"async\" width=\"2444\" height=\"1629\" src=\"https:\/\/digitecttestdomain.com\/laperouse\/wp-content\/uploads\/2024\/02\/about-us-our-story-div-img.webp\" class=\"attachment-full size-full wp-image-525\" alt=\"\" srcset=\"https:\/\/digitecttestdomain.com\/laperouse\/wp-content\/uploads\/2024\/02\/about-us-our-story-div-img.webp 2444w, https:\/\/digitecttestdomain.com\/laperouse\/wp-content\/uploads\/2024\/02\/about-us-our-story-div-img-300x200.webp 300w, https:\/\/digitecttestdomain.com\/laperouse\/wp-content\/uploads\/2024\/02\/about-us-our-story-div-img-1024x683.webp 1024w, https:\/\/digitecttestdomain.com\/laperouse\/wp-content\/uploads\/2024\/02\/about-us-our-story-div-img-768x512.webp 768w, https:\/\/digitecttestdomain.com\/laperouse\/wp-content\/uploads\/2024\/02\/about-us-our-story-div-img-1536x1024.webp 1536w, https:\/\/digitecttestdomain.com\/laperouse\/wp-content\/uploads\/2024\/02\/about-us-our-story-div-img-2048x1365.webp 2048w\" sizes=\"(max-width: 2444px) 100vw, 2444px\" \/>\t\t\t\t\t\t\t\t\t\t\t\t\t\t\t<\/div>\n\t\t\t\t<\/div>\n\t\t\t\t\t<\/div>\n\t\t\t\t<\/div>\n\t\t<div class=\"elementor-element elementor-element-b31d918 elementor-hidden-widescreen elementor-hidden-desktop elementor-hidden-laptop elementor-hidden-tablet elementor-hidden-mobile e-flex e-con-boxed e-con e-parent\" data-id=\"b31d918\" data-element_type=\"container\" data-e-type=\"container\" data-settings=\"{&quot;background_background&quot;:&quot;classic&quot;}\">\n\t\t\t\t\t<div class=\"e-con-inner\">\n\t\t\t\t<div class=\"elementor-element elementor-element-5068ab2 elementor-widget elementor-widget-heading\" data-id=\"5068ab2\" data-element_type=\"widget\" data-e-type=\"widget\" data-widget_type=\"heading.default\">\n\t\t\t\t<div class=\"elementor-widget-container\">\n\t\t\t\t\t<h3 class=\"elementor-heading-title elementor-size-default\">our vision<\/h3>\t\t\t\t<\/div>\n\t\t\t\t<\/div>\n\t\t\t\t<div class=\"elementor-element elementor-element-627917e elementor-widget__width-initial elementor-widget elementor-widget-text-editor\" data-id=\"627917e\" data-element_type=\"widget\" data-e-type=\"widget\" data-widget_type=\"text-editor.default\">\n\t\t\t\t<div class=\"elementor-widget-container\">\n\t\t\t\t\t\t\t\t\tTo be a leader and a reference in Middle Eastern cuisine, and develop the brand in and outside Lebanon\t\t\t\t\t\t\t\t<\/div>\n\t\t\t\t<\/div>\n\t\t\t\t<div class=\"elementor-element elementor-element-31916a0 elementor-widget-divider--view-line elementor-widget elementor-widget-divider\" data-id=\"31916a0\" data-element_type=\"widget\" data-e-type=\"widget\" data-widget_type=\"divider.default\">\n\t\t\t\t<div class=\"elementor-widget-container\">\n\t\t\t\t\t\t\t<div class=\"elementor-divider\">\n\t\t\t<span class=\"elementor-divider-separator\">\n\t\t\t\t\t\t<\/span>\n\t\t<\/div>\n\t\t\t\t\t\t<\/div>\n\t\t\t\t<\/div>\n\t\t\t\t<div class=\"elementor-element elementor-element-01e0053 elementor-widget elementor-widget-heading\" data-id=\"01e0053\" data-element_type=\"widget\" data-e-type=\"widget\" data-widget_type=\"heading.default\">\n\t\t\t\t<div class=\"elementor-widget-container\">\n\t\t\t\t\t<h3 class=\"elementor-heading-title elementor-size-default\">our Mission<\/h3>\t\t\t\t<\/div>\n\t\t\t\t<\/div>\n\t\t\t\t<div class=\"elementor-element elementor-element-4633a10 elementor-widget__width-initial elementor-widget elementor-widget-text-editor\" data-id=\"4633a10\" data-element_type=\"widget\" data-e-type=\"widget\" data-widget_type=\"text-editor.default\">\n\t\t\t\t<div class=\"elementor-widget-container\">\n\t\t\t\t\t\t\t\t\tTo continuously innovate our menu items in terms of recipes and dish presentation To provide our guests with dishes made with the upmost food quality served with fresh ingredients under a friendly and casual setting\t\t\t\t\t\t\t\t<\/div>\n\t\t\t\t<\/div>\n\t\t\t\t\t<\/div>\n\t\t\t\t<\/div>\n\t\t<div class=\"elementor-element elementor-element-2ec3e04 e-con-full elementor-hidden-widescreen elementor-hidden-desktop elementor-hidden-laptop elementor-hidden-tablet elementor-hidden-mobile e-flex e-con e-parent\" data-id=\"2ec3e04\" data-element_type=\"container\" data-e-type=\"container\">\n\t\t\t\t<div class=\"elementor-element elementor-element-5fb96a0 elementor-widget elementor-widget-heading\" data-id=\"5fb96a0\" data-element_type=\"widget\" data-e-type=\"widget\" data-widget_type=\"heading.default\">\n\t\t\t\t<div class=\"elementor-widget-container\">\n\t\t\t\t\t<h3 class=\"elementor-heading-title elementor-size-default\">Core values<\/h3>\t\t\t\t<\/div>\n\t\t\t\t<\/div>\n\t\t\t\t<div class=\"elementor-element elementor-element-a1a18fa elementor-widget__width-initial elementor-widget elementor-widget-text-editor\" data-id=\"a1a18fa\" data-element_type=\"widget\" data-e-type=\"widget\" data-widget_type=\"text-editor.default\">\n\t\t\t\t<div class=\"elementor-widget-container\">\n\t\t\t\t\t\t\t\t\tStep into a world where artistry meets cuisine in our gallery of culinary wonders. Explore the visual feast that awaits you at AMAR, where each dish is a masterpiece, meticulously crafted to ignite your senses. Immerse yourself in a symphony of colors, textures, and flavors, as we showcase the exquisite journey from kitchen to canvas. \t\t\t\t\t\t\t\t<\/div>\n\t\t\t\t<\/div>\n\t\t\t\t<\/div>\n\t\t<div class=\"elementor-element elementor-element-35a78bd e-con-full scrollDiv e-flex e-con e-parent\" data-id=\"35a78bd\" data-element_type=\"container\" data-e-type=\"container\">\n\t\t\t\t<div class=\"elementor-element elementor-element-fca7236 elementor-widget__width-initial imgBox elementor-position-top elementor-widget elementor-widget-image-box\" data-id=\"fca7236\" data-element_type=\"widget\" data-e-type=\"widget\" data-widget_type=\"image-box.default\">\n\t\t\t\t<div class=\"elementor-widget-container\">\n\t\t\t\t\t<div class=\"elementor-image-box-wrapper\"><figure class=\"elementor-image-box-img\"><img decoding=\"async\" width=\"768\" height=\"512\" src=\"https:\/\/digitecttestdomain.com\/laperouse\/wp-content\/uploads\/2024\/10\/AML00905-2-Enhanced-NR-1-768x512.jpg\" class=\"attachment-medium_large size-medium_large wp-image-983\" alt=\"\" srcset=\"https:\/\/digitecttestdomain.com\/laperouse\/wp-content\/uploads\/2024\/10\/AML00905-2-Enhanced-NR-1-768x512.jpg 768w, https:\/\/digitecttestdomain.com\/laperouse\/wp-content\/uploads\/2024\/10\/AML00905-2-Enhanced-NR-1-300x200.jpg 300w, https:\/\/digitecttestdomain.com\/laperouse\/wp-content\/uploads\/2024\/10\/AML00905-2-Enhanced-NR-1.jpg 800w\" sizes=\"(max-width: 768px) 100vw, 768px\" \/><\/figure><div class=\"elementor-image-box-content\"><h5 class=\"elementor-image-box-title\">Trust<\/h5><p class=\"elementor-image-box-description\">We consider all stakeholders as a single family holding strong bonds with one another. This relationship established requires a high amount of trust<\/p><\/div><\/div>\t\t\t\t<\/div>\n\t\t\t\t<\/div>\n\t\t\t\t<div class=\"elementor-element elementor-element-3899cfe elementor-widget__width-initial imgBox elementor-position-top elementor-widget elementor-widget-image-box\" data-id=\"3899cfe\" data-element_type=\"widget\" data-e-type=\"widget\" data-widget_type=\"image-box.default\">\n\t\t\t\t<div class=\"elementor-widget-container\">\n\t\t\t\t\t<div class=\"elementor-image-box-wrapper\"><figure class=\"elementor-image-box-img\"><img loading=\"lazy\" decoding=\"async\" width=\"768\" height=\"512\" src=\"https:\/\/digitecttestdomain.com\/laperouse\/wp-content\/uploads\/2024\/10\/AML00823-768x512.jpg\" class=\"attachment-medium_large size-medium_large wp-image-982\" alt=\"\" srcset=\"https:\/\/digitecttestdomain.com\/laperouse\/wp-content\/uploads\/2024\/10\/AML00823-768x512.jpg 768w, https:\/\/digitecttestdomain.com\/laperouse\/wp-content\/uploads\/2024\/10\/AML00823-300x200.jpg 300w, https:\/\/digitecttestdomain.com\/laperouse\/wp-content\/uploads\/2024\/10\/AML00823.jpg 800w\" sizes=\"(max-width: 768px) 100vw, 768px\" \/><\/figure><div class=\"elementor-image-box-content\"><h5 class=\"elementor-image-box-title\">Respect<\/h5><p class=\"elementor-image-box-description\">We serve and treat all our guests with respect. We believe that we are all equal and that all staff members should mutually respect one another<\/p><\/div><\/div>\t\t\t\t<\/div>\n\t\t\t\t<\/div>\n\t\t\t\t<div class=\"elementor-element elementor-element-3f19c5f elementor-widget__width-initial imgBox elementor-position-top elementor-widget elementor-widget-image-box\" data-id=\"3f19c5f\" data-element_type=\"widget\" data-e-type=\"widget\" data-widget_type=\"image-box.default\">\n\t\t\t\t<div class=\"elementor-widget-container\">\n\t\t\t\t\t<div class=\"elementor-image-box-wrapper\"><figure class=\"elementor-image-box-img\"><img loading=\"lazy\" decoding=\"async\" width=\"768\" height=\"512\" src=\"https:\/\/digitecttestdomain.com\/laperouse\/wp-content\/uploads\/2024\/10\/AML00828-2-768x512.jpg\" class=\"attachment-medium_large size-medium_large wp-image-984\" alt=\"\" srcset=\"https:\/\/digitecttestdomain.com\/laperouse\/wp-content\/uploads\/2024\/10\/AML00828-2-768x512.jpg 768w, https:\/\/digitecttestdomain.com\/laperouse\/wp-content\/uploads\/2024\/10\/AML00828-2-300x200.jpg 300w, https:\/\/digitecttestdomain.com\/laperouse\/wp-content\/uploads\/2024\/10\/AML00828-2.jpg 800w\" sizes=\"(max-width: 768px) 100vw, 768px\" \/><\/figure><div class=\"elementor-image-box-content\"><h5 class=\"elementor-image-box-title\">Openness<\/h5><p class=\"elementor-image-box-description\">We value and encourage each comment brought by our guests, our employees and our community. We strive for continuous improvement and follow an open door policy<\/p><\/div><\/div>\t\t\t\t<\/div>\n\t\t\t\t<\/div>\n\t\t\t\t<div class=\"elementor-element elementor-element-a6e80f4 elementor-widget__width-initial imgBox elementor-position-top elementor-widget elementor-widget-image-box\" data-id=\"a6e80f4\" data-element_type=\"widget\" data-e-type=\"widget\" data-widget_type=\"image-box.default\">\n\t\t\t\t<div class=\"elementor-widget-container\">\n\t\t\t\t\t<div class=\"elementor-image-box-wrapper\"><figure class=\"elementor-image-box-img\"><img loading=\"lazy\" decoding=\"async\" width=\"768\" height=\"512\" src=\"https:\/\/digitecttestdomain.com\/laperouse\/wp-content\/uploads\/2024\/10\/AML00819-2-768x512.jpg\" class=\"attachment-medium_large size-medium_large wp-image-975\" alt=\"\" srcset=\"https:\/\/digitecttestdomain.com\/laperouse\/wp-content\/uploads\/2024\/10\/AML00819-2-768x512.jpg 768w, https:\/\/digitecttestdomain.com\/laperouse\/wp-content\/uploads\/2024\/10\/AML00819-2-300x200.jpg 300w, https:\/\/digitecttestdomain.com\/laperouse\/wp-content\/uploads\/2024\/10\/AML00819-2-1024x683.jpg 1024w, https:\/\/digitecttestdomain.com\/laperouse\/wp-content\/uploads\/2024\/10\/AML00819-2-1536x1024.jpg 1536w, https:\/\/digitecttestdomain.com\/laperouse\/wp-content\/uploads\/2024\/10\/AML00819-2.jpg 1900w\" sizes=\"(max-width: 768px) 100vw, 768px\" \/><\/figure><div class=\"elementor-image-box-content\"><h5 class=\"elementor-image-box-title\">Innovation<\/h5><p class=\"elementor-image-box-description\">We seek an institution that does not limit itself to fulfilling the demands of the market, but in creating the demand. Hence, we encourage idea generation from both guests and employees<\/p><\/div><\/div>\t\t\t\t<\/div>\n\t\t\t\t<\/div>\n\t\t\t\t<div class=\"elementor-element elementor-element-1847530 elementor-widget__width-initial imgBox elementor-position-top elementor-widget elementor-widget-image-box\" data-id=\"1847530\" data-element_type=\"widget\" data-e-type=\"widget\" data-widget_type=\"image-box.default\">\n\t\t\t\t<div class=\"elementor-widget-container\">\n\t\t\t\t\t<div class=\"elementor-image-box-wrapper\"><figure class=\"elementor-image-box-img\"><img loading=\"lazy\" decoding=\"async\" width=\"768\" height=\"512\" src=\"https:\/\/digitecttestdomain.com\/laperouse\/wp-content\/uploads\/2024\/10\/AML00905-2-Enhanced-NR-768x512.jpg\" class=\"attachment-medium_large size-medium_large wp-image-945\" alt=\"\" srcset=\"https:\/\/digitecttestdomain.com\/laperouse\/wp-content\/uploads\/2024\/10\/AML00905-2-Enhanced-NR-768x512.jpg 768w, https:\/\/digitecttestdomain.com\/laperouse\/wp-content\/uploads\/2024\/10\/AML00905-2-Enhanced-NR-300x200.jpg 300w, https:\/\/digitecttestdomain.com\/laperouse\/wp-content\/uploads\/2024\/10\/AML00905-2-Enhanced-NR.jpg 800w\" sizes=\"(max-width: 768px) 100vw, 768px\" \/><\/figure><div class=\"elementor-image-box-content\"><h5 class=\"elementor-image-box-title\">Commitment<\/h5><p class=\"elementor-image-box-description\">Amar\u2019s high service and quality standards requires a high commitment of its employees to the company\u2019s standards<\/p><\/div><\/div>\t\t\t\t<\/div>\n\t\t\t\t<\/div>\n\t\t\t\t<div class=\"elementor-element elementor-element-7aa30f6 elementor-widget__width-initial imgBox elementor-position-top elementor-widget elementor-widget-image-box\" data-id=\"7aa30f6\" data-element_type=\"widget\" data-e-type=\"widget\" data-widget_type=\"image-box.default\">\n\t\t\t\t<div class=\"elementor-widget-container\">\n\t\t\t\t\t<div class=\"elementor-image-box-wrapper\"><figure class=\"elementor-image-box-img\"><img loading=\"lazy\" decoding=\"async\" width=\"768\" height=\"512\" src=\"https:\/\/digitecttestdomain.com\/laperouse\/wp-content\/uploads\/2024\/10\/AML00855-2-768x512.jpg\" class=\"attachment-medium_large size-medium_large wp-image-986\" alt=\"\" srcset=\"https:\/\/digitecttestdomain.com\/laperouse\/wp-content\/uploads\/2024\/10\/AML00855-2-768x512.jpg 768w, https:\/\/digitecttestdomain.com\/laperouse\/wp-content\/uploads\/2024\/10\/AML00855-2-300x200.jpg 300w, https:\/\/digitecttestdomain.com\/laperouse\/wp-content\/uploads\/2024\/10\/AML00855-2.jpg 800w\" sizes=\"(max-width: 768px) 100vw, 768px\" \/><\/figure><div class=\"elementor-image-box-content\"><h5 class=\"elementor-image-box-title\">Passion<\/h5><p class=\"elementor-image-box-description\">Our staff is devoted to every job task and communicates its enthusiasm to our guests. The staff is passionate about their offering<\/p><\/div><\/div>\t\t\t\t<\/div>\n\t\t\t\t<\/div>\n\t\t\t\t<\/div>\n\t\t\t\t<\/div>\n\t\t","protected":false},"excerpt":{"rendered":"<p>Adresses Adresses Paris Concorde &#8211; France A haven of refinement, Eiffel Tower view Located on the prestigious Place de la Concorde, within the H\u00f4tel de la Marine, Caf\u00e9 Lap\u00e9rouse Concorde offers a breathtaking view of the Eiffel Tower from its Concorde terrace. From breakfast to dinner,\u00a0a selection of refined gourmet French dishes are to be [&hellip;]<\/p>\n","protected":false},"author":1,"featured_media":0,"parent":0,"menu_order":0,"comment_status":"closed","ping_status":"closed","template":"","meta":{"site-sidebar-layout":"no-sidebar","site-content-layout":"","ast-site-content-layout":"full-width-container","site-content-style":"default","site-sidebar-style":"default","ast-global-header-display":"","ast-banner-title-visibility":"","ast-main-header-display":"","ast-hfb-above-header-display":"","ast-hfb-below-header-display":"","ast-hfb-mobile-header-display":"","site-post-title":"disabled","ast-breadcrumbs-content":"","ast-featured-img":"disabled","footer-sml-layout":"","ast-disable-related-posts":"","theme-transparent-header-meta":"","adv-header-id-meta":"","stick-header-meta":"","header-above-stick-meta":"","header-main-stick-meta":"","header-below-stick-meta":"","astra-migrate-meta-layouts":"default","ast-page-background-enabled":"default","ast-page-background-meta":{"desktop":{"background-color":"var(--ast-global-color-4)","background-image":"","background-repeat":"repeat","background-position":"center center","background-size":"auto","background-attachment":"scroll","background-type":"","background-media":"","overlay-type":"","overlay-color":"","overlay-opacity":"","overlay-gradient":""},"tablet":{"background-color":"","background-image":"","background-repeat":"repeat","background-position":"center center","background-size":"auto","background-attachment":"scroll","background-type":"","background-media":"","overlay-type":"","overlay-color":"","overlay-opacity":"","overlay-gradient":""},"mobile":{"background-color":"","background-image":"","background-repeat":"repeat","background-position":"center center","background-size":"auto","background-attachment":"scroll","background-type":"","background-media":"","overlay-type":"","overlay-color":"","overlay-opacity":"","overlay-gradient":""}},"ast-content-background-meta":{"desktop":{"background-color":"var(--ast-global-color-5)","background-image":"","background-repeat":"repeat","background-position":"center center","background-size":"auto","background-attachment":"scroll","background-type":"","background-media":"","overlay-type":"","overlay-color":"","overlay-opacity":"","overlay-gradient":""},"tablet":{"background-color":"var(--ast-global-color-5)","background-image":"","background-repeat":"repeat","background-position":"center center","background-size":"auto","background-attachment":"scroll","background-type":"","background-media":"","overlay-type":"","overlay-color":"","overlay-opacity":"","overlay-gradient":""},"mobile":{"background-color":"var(--ast-global-color-5)","background-image":"","background-repeat":"repeat","background-position":"center center","background-size":"auto","background-attachment":"scroll","background-type":"","background-media":"","overlay-type":"","overlay-color":"","overlay-opacity":"","overlay-gradient":""}},"footnotes":""},"class_list":["post-1030","page","type-page","status-publish","hentry"],"_links":{"self":[{"href":"https:\/\/digitecttestdomain.com\/laperouse\/wp-json\/wp\/v2\/pages\/1030","targetHints":{"allow":["GET"]}}],"collection":[{"href":"https:\/\/digitecttestdomain.com\/laperouse\/wp-json\/wp\/v2\/pages"}],"about":[{"href":"https:\/\/digitecttestdomain.com\/laperouse\/wp-json\/wp\/v2\/types\/page"}],"author":[{"embeddable":true,"href":"https:\/\/digitecttestdomain.com\/laperouse\/wp-json\/wp\/v2\/users\/1"}],"replies":[{"embeddable":true,"href":"https:\/\/digitecttestdomain.com\/laperouse\/wp-json\/wp\/v2\/comments?post=1030"}],"version-history":[{"count":14,"href":"https:\/\/digitecttestdomain.com\/laperouse\/wp-json\/wp\/v2\/pages\/1030\/revisions"}],"predecessor-version":[{"id":1058,"href":"https:\/\/digitecttestdomain.com\/laperouse\/wp-json\/wp\/v2\/pages\/1030\/revisions\/1058"}],"wp:attachment":[{"href":"https:\/\/digitecttestdomain.com\/laperouse\/wp-json\/wp\/v2\/media?parent=1030"}],"curies":[{"name":"wp","href":"https:\/\/api.w.org\/{rel}","templated":true}]}}